{"version":"1.0","type":"rich","width":"560px","height":"140px","title":"Sonderepisode Buchtag Mein SuB kommt zu Wort - Heute beantworte ich den Tag \"Mein SuB kommt zu Wort\" von Annas B\u00fccherstapel.","url":"https:\/\/buecherreich.net\/buecherreich-114-sonderepisode-buchtag-mein-sub-kommt-zu-wort\/","author_name":"b\u00fccherreich - Ein Podcast gr\u00f6\u00dftenteils \u00fcber B\u00fccher","author_url":"https:\/\/buecherreich.net","thumbnail_url":"https:\/\/buecherreich.net\/wp-content\/uploads\/2017\/09\/Podcast_buecherreich_SuB_quadratisch.jpg","html":"<iframe width=\"560px\" height=\"140px\" src=\"https:\/\/buecherreich.net\/buecherreich-114-sonderepisode-buchtag-mein-sub-kommt-zu-wort\/?standalonePlayer\"><\/iframe>"}

Sonderepisode Buchtag Mein SuB kommt zu Wort - Heute beantworte ich den Tag "Mein SuB kommt zu Wort" von Annas Bücherstapel.

bücherreich - Ein Podcast größtenteils über Bücher
