{"version":"1.0","type":"rich","width":"560px","height":"140px","title":"Sonderepisode Winter-Weihnachts Buchtag - Heute gibt es mal wieder eine Sonder-Episode, n\u00e4mlich den \u201eWinter-Weihnachts Buchtag\u201c. \r\nElena von \u201eZeilenzauber\u201c beantwortet mit mir folgende winterlich-weihnachtliche Fragen.","url":"https:\/\/buecherreich.net\/buecherreich-099-sonderepisode-winter-weihnachts-buchtag\/","author_name":"b\u00fccherreich - Ein Podcast gr\u00f6\u00dftenteils \u00fcber B\u00fccher","author_url":"https:\/\/buecherreich.net","thumbnail_url":"http:\/\/www.buecherreich.net\/cover\/buecherreich099.jpg","html":"<iframe width=\"560px\" height=\"140px\" src=\"https:\/\/buecherreich.net\/buecherreich-099-sonderepisode-winter-weihnachts-buchtag\/?standalonePlayer\"><\/iframe>"}

Sonderepisode Winter-Weihnachts Buchtag - Heute gibt es mal wieder eine Sonder-Episode, nämlich den „Winter-Weihnachts Buchtag“. 
Elena von „Zeilenzauber“ beantwortet mit mir folgende winterlich-weihnachtliche Fragen.

bücherreich - Ein Podcast größtenteils über Bücher
